0.
2, 5, 98893
What are the prime factors of 4846940?
2, 5, 7, 89, 389
List the prime factors of 11167964.
2, 2791991
What are the prime factors of 146679?
3, 13, 3761
What are the prime factors of 15311971?
29, 281, 1879
List the prime factors of 572317.
631, 907
List the prime factors of 163672.
2, 41, 499
What are the prime factors of 303124?
2, 75781
What are the prime factors of 571896?
2, 3, 13, 47
What are the prime factors of 5737506?
2, 3, 19, 50329
What are the prime factors of 3714502?
2, 11, 109, 1549
What are the prime factors of 10493?
7, 1499
List the prime factors of 11180732.
2, 181, 15443
What are the prime factors of 4071786?
2, 3, 678631
What are the prime factors of 210625?
5, 337
What are the prime factors of 2945599?
97, 30367
What are the prime factors of 13619924?
2, 17, 200293
List the prime factors of 715593.
3, 238531
What are the prime factors of 1231743?
3, 59, 6959
List the prime factors of 2434869.
3, 19, 29, 491
List the prime factors of 788056.
2, 98507
List the prime factors of 13086757.
61, 3517
What are the prime factors of 27855980?
2, 5, 31, 179, 251
List the prime factors of 1125877.
61, 18457
List the prime factors of 1618798.
2, 809399
List the prime factors of 13771073.
13771073
List the prime factors of 490889.
7, 23, 3049
What are the prime factors of 601708?
2, 150427
What are the prime factors of 1232681?
43, 109, 263
What are the prime factors of 5614822?
2, 71, 39541
List the prime factors of 15854914.
2, 17, 466321
What are the prime factors of 2127367?
11, 41, 53, 89
What are the prime factors of 10400339?
10400339
What are the prime factors of 408814?
2, 7, 29201
What are the prime factors of 3931?
3931
What are the prime factors of 2640561?
3, 7, 11, 23, 71
What are the prime factors of 721291?
721291
List the prime factors of 6949324.
2, 1737331
List the prime factors of 636051.
3, 13, 47, 347
What are the prime factors of 9944278?
2, 433, 11483
What are the prime factors of 553038?
2, 3, 92173
What are the prime factors of 185641?
185641
List the prime factors of 4938824.
2, 11, 56123
List the prime factors of 1612487.
29, 55603
What are the prime factors of 375035?
5, 107, 701
List the prime factors of 5174473.
5174473
What are the prime factors of 252869?
252869
List the prime factors of 29565656.
2, 1433, 2579
What are the prime factors of 184125?
3, 5, 491
List the prime factors of 20532.
2, 3, 29, 59
List the prime factors of 1511071.
877, 1723
What are the prime factors of 37229908?
2, 277, 33601
What are the prime factors of 1132785?
3, 5, 2797
List the prime factors of 668018.
2, 13, 25693
What are the prime factors of 1227691?
337, 3643
List the prime factors of 2323505.
5, 43, 101, 107
What are the prime factors of 700732?
2, 167, 1049
What are the prime factors of 3326607?
3, 113, 3271
List the prime factors of 333996.
2, 3, 13, 2141
List the prime factors of 6665336.
2, 103, 8089
List the prime factors of 1986565.
5, 7, 211, 269
What are the prime factors of 13401721?
47, 313, 911
What are the prime factors of 400703?
400703
What are the prime factors of 714775?
5, 28591
List the prime factors of 292566.
2, 3, 48761
List the prime factors of 5884915.
5, 1176983
What are the prime factors of 34704?
2, 3, 241
List the prime factors of 17403795.
3, 5, 137, 941
What are the prime factors of 1442994?
2, 3, 7, 17, 43, 47
What are the prime factors of 229080?
2, 3, 5, 23, 83
What are the prime factors of 3002966?
2, 1501483
What are the prime factors of 17859652?
2, 337, 13249
List the prime factors of 79069.
37, 2137
What are the prime factors of 345966?
2, 3, 23, 109
What are the prime factors of 795779?
101, 7879
List the prime factors of 64009.
11, 23
What are the prime factors of 590277?
3, 41, 4799
List the prime factors of 1940354.
2, 13, 37, 2017
What are the prime factors of 559433?
7, 233
What are the prime factors of 536605?
5, 17, 59, 107
List the prime factors of 3263834.
2, 7, 29, 8039
What are the prime factors of 1140837?
3, 163, 2333
List the prime factors of 210812.
2, 7, 7529
List the prime factors of 724981.
71, 10211
What are the prime factors of 58337?
58337
List the prime factors of 2906957.
239, 12163
What are the prime factors of 2270427?
3, 163, 4643
What are the prime factors of 3478365?
3, 5, 11, 7027
What are the prime factors of 7221313?
11, 656483
List the prime factors of 1729386.
2, 3, 29, 3313
What are the prime factors of 58628?
2, 14657
What are the prime factors of 1845835?
5, 79, 4673
List the prime factors of 4184932.
2, 29, 43, 839
What are the prime factors of 285414?
2, 3, 47569
What are the prime factors of 1207101?
3, 7, 47, 1223
What are the prime factors of 211880?
2, 5, 5297
What are the prime factors of 12736311?
3, 7, 157, 3863
List the prime factors of 1686731.
691, 2441
List the prime factors of 629915.
5, 11, 13, 881
List the prime factors of 6480835.
5, 1296167
List the prime factors of 30248996.
2, 1699, 4451
What are the prime factors of 440740?
2, 5, 22037
What are the prime factors of 659493?
3, 73277
List the prime factors of 128635.
5, 13, 1979
List the prime factors of 1217897.
17, 31, 2311
What are the prime factors of 288494?
2, 144247
What are the prime factors of 423758?
2, 211879
List the prime factors of 12727370.
2, 5, 97, 13121
List the prime factors of 2342555.
5, 257, 1823
List the prime factors of 421127.
7, 60161
List the prime factors of 281207.
281207
What are the prime factors of 3453715?
5, 317, 2179
List the prime factors of 620856.
2, 3, 8623
What are the prime factors of 28482925?
5, 127, 8971
List the prime factors of 19761573.
3, 13, 47, 10781
List the prime factors of 810373.
17, 73, 653
What are the prime factors of 1906347?
3, 635449
List the prime factors of 1813888.
2, 37, 383
What are the prime factors of 7592633?
7592633
List the prime factors of 1895916.
2, 3, 11, 53, 271
What are the prime factors of 125707?
125707
List the prime factors of 7800560.
2, 5, 281, 347
What are the prime factors of 6600104?
2, 7, 113, 149
List the prime factors of 55962.
2, 3, 3109
List the prime factors of 9265112.
2, 1158139
What are the prime factors of 606084?
2, 3, 17, 2971
What are the prime factors of 2168326?
2, 31, 41, 853
What are the prime factors of 21683080?
2, 5, 547, 991
What are the prime factors of 775352?
2, 19, 5101
What are the prime factors of 10836736?
2, 42331
List the prime factors of 651867.
3, 151, 1439
What are the prime factors of 612364?
2, 29, 5279
What are the prime factors of 612511?
612511
What are the prime factors of 45362?
2, 37, 613
List the prime factors of 13570730.
2, 5, 829, 1637
List the prime factors of 302777.
31, 9767
What are the prime factors of 16291632?
2, 3, 7, 48487
What are the prime factors of 123640?
2, 5, 11, 281
What are the prime factors of 34397459?
1429, 24071
List the prime factors of 23111733.
3, 19, 47, 8627
List the prime factors of 510698.
2, 255349
List the prime factors of 8737811.
1109, 7879
List the prime factors of 2062795.
5, 7, 58937
What are the prime factors of 169843?
169843
What are the prime factors of 20324570?
2, 5, 7, 290351
What are the prime factors of 2652287?
11, 241117
What are the prime factors of 249436?
2, 11, 5669
What are the prime factors of 788165?
5, 7, 3217
What are the prime factors of 268656?
2, 3, 29, 193
What are the prime factors of 13906072?
2, 89, 19531
What are the prime factors of 439619?
499, 881
What are the prime factors of 43222?
2, 21611
What are the prime factors of 5041385?
5, 79, 12763
List the prime factors of 143579.
29, 4951
List the prime factors of 59444.
2, 7, 11, 193
List the prime factors of 80863.
80863
List the prime factors of 21758668.
2, 5439667
What are the prime factors of 939554?
2, 7, 11, 6101
List the prime factors of 320517.
3, 1319
List the prime factors of 792772.
2, 198193
What are the prime factors of 27757314?
2, 3, 13, 118621
What are the prime factors of 8644239?
3, 35573
List the prime factors of 4198527.
3, 155501
List the prime factors of 18507351.
3, 283, 21799
List the prime factors of 4204869.
3, 1401623
List the prime factors of 19339.
83, 233
What are the prime factors of 388062?
2, 3, 21559
List the prime factors of 11273008.
2, 313, 2251
List the prime factors of 143799